{"id":7067,"date":"2020-04-22T12:51:51","date_gmt":"2020-04-22T10:51:51","guid":{"rendered":"http:\/\/www.gisela-weigand.de\/?page_id=7067"},"modified":"2026-02-22T18:41:09","modified_gmt":"2026-02-22T17:41:09","slug":"marburg-termine","status":"publish","type":"page","link":"https:\/\/www.gisela-weigand.de\/index.php\/terminangebot\/kurse\/marburg-termine\/","title":{"rendered":"Marburg &#8211; Termine"},"content":{"rendered":"<p><strong><em>Alle Kurse finden live online statt. Wir treffen uns \u00fcber microsoft teams. Sie k\u00f6nnen teilnehmen, egal wo Sie wohnen. Vorraussetzung f\u00fcr den Erhalt der Zugangsdaten, ist die vorherige Anmeldung und \u00dcberweisung der Kursgeb\u00fchr. Wer technische Hilfe braucht meldet sich bitte.<br \/>\n<\/em><\/strong><\/p>\n<h3>K\u00f6Ma 1. Feldenkrais, ein Weg zu mehr Lebensqualit\u00e4t<\/h3>\n<p>Potentiale nutzen und Ressourcen bewahren<\/p>\n<p><strong>I. Donnerstag, 19.00 &#8211; 20.00 Uhr<\/strong><br \/>\na.\u00a0 08. Januar &#8211; 26. M\u00e4rz 2026 | 12 Termine online<br \/>\nb.\u00a0 16. April &#8211; 16. Juli 2026 | 14 Termine online*<\/p>\n<p>Studio f\u00fcr Feldenkrais &amp; Stimme | www.gisela-weigand.de<br \/>\nin K\u00f6ln, Marburg und weltweit<\/p>\n<p>Sanftes, variationsreiches Bewegen und bewusstes Wahrnehmen f\u00f6rdern die Entwicklung und f\u00fchren zu einer gesunden und effektiven Selbstorganisation. Sie begegnen sich und Ihren Gewohnheiten, erleben wache Entspannung, Balance, Beweglichkeit, Schmerz-Verblassung, Neuordnung von Alltagshandlungen, Stabilit\u00e4t und gleichm\u00e4\u00dfige muskul\u00e4re Stimulation; Hilfreich z.B. in neurologischen, psycho-somatischen, muskuloskelettalen und kreativen Prozessen, im Alltag und f\u00fcr den Beruf. Auch vor oder nach der Entbindung wohltuend! Eingeladen sind Menschen aller Altersstufen, die sich nach mehr Leichtigkeit und Vitalit\u00e4t sehnen.<\/p>\n<p>* Die Kurse an den Feiertagen 14. Mai Himmelfahrt und 4. Juni Fronleichnam finden nach Absprache statt oder k\u00f6nnen in anderen Kursen wahrgenommen werden.<\/p>\n<p><em>Kursgeb\u00fchr: 12 Termine \u00b7 240 Euro | 14 Termine \u00b7 280 Euro<\/em><\/p>\n<p><a href=\"mailto:info@gisela-weigand.de\">Anmeldung und Info jetzt<\/a><\/p>\n<h3>K\u00f6Ma 2. Feldenkrais &amp; Stimme<\/h3>\n<p>Nat\u00fcrlich bewegen und Klang empfangen<strong><br \/>\n<\/strong><\/p>\n<p><strong>Mittwoch: 17.15 &#8211; 18.15 Uhr<\/strong><br \/>\na.\u00a0 07. Januar &#8211; 25. M\u00e4rz 2026 | 12 Termine Online<br \/>\nb.\u00a0 15. April &#8211; 15. Juli 2026 | 14 Termine online<\/p>\n<p>Studio f\u00fcr Feldenkrais &amp; Stimme | www.gisela-weigand.de<br \/>\nin K\u00f6ln, Marburg und weltweit<\/p>\n<p>Lauschen Sie der gegenseitigen Befruchtung zwischen gleichm\u00e4\u00dfigem Muskelspiel und Stimmresonanz, zwischen Stimmleichtigkeit und K\u00f6rperbalance, zwischen Ohren und\u00a0 Stimmvolumen, zwischen Stimmklang und Wohlgef\u00fchl. Uns durch fr\u00fche Entwicklungsphasen hindurch bewegend, nutzen wir Reflexe, Imagination und Eigenregulation, um Sprache und Klang zu n\u00e4hren, um schwingf\u00e4hig in Gewebe und Knochen, um selbst zum Klangk\u00f6rper zu werden. F\u00fcr alle, die sich einen nat\u00fcrlichen und facettenreichen Zugang zu Stimme und K\u00f6rper w\u00fcnschen. Nebenbei kommen Sie zur Ruhe nach der Arbeit, der K\u00f6rper richtet sich auf und Schmerzen k\u00f6nnen verblassen. Sie erleben Beweglichkeit, Spontaneit\u00e4t, Stimmentfaltung und eine nat\u00fcrliche Pr\u00e4senz.<\/p>\n<p><em>Kursgeb\u00fchr: 12 Termine \u00b7 240 Euro | 14 Termine \u00b7 280 Euro<\/em><\/p>\n<p><a href=\"mailto:info@gisela-weigand.de\">Anmeldung und Info jetzt<\/a><\/p>\n<h3>K\u00f6Ma 3. Feldenkrais &amp; Stimme<\/h3>\n<p>K\u00f6rperfreude und Stimmerkundung<\/p>\n<p><strong>I. Mittwoch, 20.00 &#8211; 21.00 Uhr\u00a0<\/strong><br \/>\na. 07. Januar &#8211; 25. M\u00e4rz 2026 | 12 Termine Online<br \/>\nb.\u00a0 15. April &#8211; 15. Juli 2026 | 14 Termine online<\/p>\n<p>Studio f\u00fcr Feldenkrais &amp; Stimme | www.gisela-weigand.de<br \/>\nin K\u00f6ln, Marburg und weltweit<\/p>\n<p>Sie sp\u00fcren sich in Raum, Bewegung, Zeit, Rhythmus, Balance und Klang: Loslassen in \u00dcberg\u00e4nge, eine flexible und ruhige Mitte f\u00fcr geschmeidiges Agieren finden; lauschen&#8230; die Stimme erwecken in Klangbildern, T\u00f6nen, Sprachspielen, Imaginationsreisen und Atemgesp\u00fcr; dabei K\u00f6rperzonen beleben und vernetzen, Druck und Anspannung l\u00f6sen und \u00dcberbelastungen vorbeugen durch facettenreiches Bewegungsspiel. Geeignet u.a. auch bei Heiserkeit, Ohrger\u00e4uschen und zum Kieferl\u00f6sen. K\u00f6rperwachheit und Spontanit\u00e4t f\u00fcr alle, die ihr Sein leichter, selbstbestimmter und farbenfroher genie\u00dfen m\u00f6chten. Nebenbei erleben Sie k\u00f6rperliche und seelische Aufrichtung, Spontaneit\u00e4t, Entspannung, Beweglichkeit, Schmerzverblassung und eine resonanzreiche Stimme.<\/p>\n<p><em>Kursgeb\u00fchr: 12 Termine \u00b7 240 Euro | 14 Termine \u00b7 280 Euro<\/em><\/p>\n<p><a href=\"mailto:info@gisela-weigand.de\">Anmeldung und Info jetzt<\/a><\/p>\n<p><strong><em>Gelegentliche Nachholtermine k\u00f6nnen nach Absprache in anderen Online-Kursen wahrgenommen werden.<\/em><\/strong><\/p>\n<p><strong>Information zu den Inhalten:<\/strong><br \/>\nDie Inhalte der Kurse sind nicht festgelegt und richten sich in erster Linie nach Ihrem Bedarf, egal ob Sie mit einem &#8222;k\u00f6rperlichen, psychischen oder seelischen Anliegen&#8220; oder &#8222;Stimmthema&#8220; kommen! Sie brauchen keinerlei stimmliche Vorbildung, k\u00f6nnen auch Stimmscheu und Stimmerfahrung mitbringen. Au\u00dferdem wird immer hinreichend &#8222;gefeldenkraist&#8220;. Die unterschiedlichen Ausschreibungen sollen Ihnen lediglich die vielf\u00e4ltigen M\u00f6glichkeiten aufzeigen. Sprechen Sie mich an, wenn Sie z. B. zu einer bestimmten Uhrzeit k\u00f6nnen, der Ausschreibungstext Sie aber vielleicht nicht so anspricht wie ein anderer. Gerne melden Sie sich auch, wenn keine Uhrzeit passt, Sie aber insgesamt Interesse haben an einem Kurs.<\/p>\n<p>Weitere Informationen und Hinweise zu Probestunden, Nachholstunden, Sonderregelungen f\u00fcr Bed\u00fcrftige, Berufsreisende und Feiertage lesen Sie bitte unter <a href=\"https:\/\/www.gisela-weigand.de\/index.php\/agb\/\" target=\"_blank\" rel=\"noopener noreferrer\">AGB<\/a>.<\/p>\n<p>&nbsp;<\/p>","protected":false},"excerpt":{"rendered":"<p>Alle Kurse finden live online statt. Wir treffen uns \u00fcber microsoft teams. Sie k\u00f6nnen teilnehmen, egal wo Sie wohnen. Vorraussetzung f\u00fcr den Erhalt der Zugangsdaten, ist die vorherige Anmeldung und \u00dcberweisung der Kursgeb\u00fchr. Wer technische Hilfe braucht meldet sich bitte. K\u00f6Ma 1. Feldenkrais, ein Weg zu mehr Lebensqualit\u00e4t Potentiale nutzen und Ressourcen bewahren I. Donnerstag, [&hellip;]<\/p>\n","protected":false},"author":2,"featured_media":0,"parent":460,"menu_order":2,"comment_status":"closed","ping_status":"closed","template":"angebot.php","meta":{"footnotes":""},"class_list":["post-7067","page","type-page","status-publish","hentry"],"wps_subtitle":"Feldenkrais &amp; Stimme | Marburg - Kurse 2026","_links":{"self":[{"href":"https:\/\/www.gisela-weigand.de\/index.php\/wp-json\/wp\/v2\/pages\/7067","targetHints":{"allow":["GET"]}}],"collection":[{"href":"https:\/\/www.gisela-weigand.de\/index.php\/wp-json\/wp\/v2\/pages"}],"about":[{"href":"https:\/\/www.gisela-weigand.de\/index.php\/wp-json\/wp\/v2\/types\/page"}],"author":[{"embeddable":true,"href":"https:\/\/www.gisela-weigand.de\/index.php\/wp-json\/wp\/v2\/users\/2"}],"replies":[{"embeddable":true,"href":"https:\/\/www.gisela-weigand.de\/index.php\/wp-json\/wp\/v2\/comments?post=7067"}],"version-history":[{"count":102,"href":"https:\/\/www.gisela-weigand.de\/index.php\/wp-json\/wp\/v2\/pages\/7067\/revisions"}],"predecessor-version":[{"id":9443,"href":"https:\/\/www.gisela-weigand.de\/index.php\/wp-json\/wp\/v2\/pages\/7067\/revisions\/9443"}],"up":[{"embeddable":true,"href":"https:\/\/www.gisela-weigand.de\/index.php\/wp-json\/wp\/v2\/pages\/460"}],"wp:attachment":[{"href":"https:\/\/www.gisela-weigand.de\/index.php\/wp-json\/wp\/v2\/media?parent=7067"}],"curies":[{"name":"wp","href":"https:\/\/api.w.org\/{rel}","templated":true}]}}