{"id":481,"date":"2011-09-21T16:29:46","date_gmt":"2011-09-21T14:29:46","guid":{"rendered":"http:\/\/wp10473852.wp223.webpack.hosteurope.de\/index.php\/"},"modified":"2025-11-04T20:10:46","modified_gmt":"2025-11-04T19:10:46","slug":"bildungsurlaub","status":"publish","type":"page","link":"https:\/\/www.gisela-weigand.de\/index.php\/terminangebot\/bildungsurlaub\/","title":{"rendered":"Bildungsurlaube"},"content":{"rendered":"<h3>Chancen zu kreativer Weiterbildung wahrnehmen<\/h3>\n<p><strong>Der Bildungsurlaub &#8222;Nat\u00fcrliche Pr\u00e4senz mit Feldenkrais, Stimmentfaltung und K\u00f6rpertheater&#8220; ist eine Chance f\u00fcr Arbeitnehmer\/innen, eine anerkannte Weiterbildung w\u00e4hrend der Arbeitszeit zu besuchen. F\u00fcr 5 Tage im Jahr k\u00f6nnen Sie Beurlaubung zus\u00e4tzlich zum Jahresurlaub in Anspruch nehmen. Sprechen Sie hier\u00fcber auch mit Ihrem Arbeitgeber. Der Bildungsurlaub kann au\u00dferdem von Privatpersonen, FreiberuflerInnen und RentnerInnen besucht werden.<\/strong><\/p>\n<h3><strong><img loading=\"lazy\" decoding=\"async\" width=\"420\" height=\"190\" class=\"alignnone size-full wp-image-3070\" title=\"Bildungsurlaub mit Feldenkrais und Funktionaler Stimmbildung\" src=\"https:\/\/www.gisela-weigand.de\/wp-content\/uploads\/2011\/09\/sanitaeterchor1.jpg\" alt=\"\" srcset=\"https:\/\/www.gisela-weigand.de\/wp-content\/uploads\/2011\/09\/sanitaeterchor1.jpg 420w, https:\/\/www.gisela-weigand.de\/wp-content\/uploads\/2011\/09\/sanitaeterchor1-300x135.jpg 300w\" sizes=\"auto, (max-width: 420px) 100vw, 420px\" \/><\/strong>U055KW. Nat\u00fcrliche Pr\u00e4senz und gewinnende Stimme<\/h3>\n<p><strong>Gesundes Handeln am Arbeitsplatz mit der Feldenkraismethode und funktionaler Stimmbildung<\/strong><\/p>\n<p>Anerkannt als Bildungsurlaub in NRW | <a href=\"http:\/\/www.bildungsurlaub.de\/seminare\/seminar_natuerliche-praesenz-gewinnende-stimme-und-gesundes-handeln-am-arbeitsplatz-mit-feldenkrais-und-funktionaler-stimmbildung_202-115478.html\" target=\"_blank\" rel=\"noopener noreferrer\">www.bildungsurlaub.de<\/a><\/p>\n<p>Montag &#8211; Freitag von 10.00 Uhr &#8211; 16.00 Uhr | <strong>29. M\u00e4rz &#8211; 01. April 2021<\/strong><\/p>\n<p>Melanchthon-Akademie | <a href=\"https:\/\/www.melanchthon-akademie.de\/programm\/bildungsurlaub-studienreisen\/kurs\/15744-feldenkraisr-und-funktionale-stimmbildung\/\" target=\"_blank\" rel=\"noopener noreferrer\">www.melanchthon-akademie.de<\/a><br \/>\nKart\u00e4userwall 24b \u00b7 50678 K\u00f6ln<\/p>\n<p>Mit sanften Bewegungen aus dem Feldenkrais\u00ae sowie Stimm- und Atemtechniken verfeinern Sie Ihre Selbstwahrnehmung und entwickeln \u00dcberzeugungskraft, Stimmklang und K\u00f6rperwachheit in der Kommunikation. Gleichzeitig optimieren Sie Ihre Haltung, Stabilit\u00e4t und Beweglichkeit. <a href=\"https:\/\/www.melanchthon-akademie.de\/programm\/bildungsurlaub-studienreisen\/kurs\/15744-feldenkraisr-und-funktionale-stimmbildung\" target=\"_blank\" rel=\"noopener noreferrer\">Mehr Info und Anmeldung hier<\/a><\/p>\n<p>Maximal 12 TeilnehmerInnen! Matten und Decken sind vorhanden.<\/p>\n<p><a href=\"mailto:anmeldung@melanchthon-akademie.de\">anmeldung@melanchthon-akademie.de<\/a> | fon 0221.931803-0<\/p>\n<h3>U056KW. Mit Leichtigkeit und Kreativit\u00e4t unterwegs im Beruf<\/h3>\n<p><strong>Feldenkrais, Stimmentwicklung und intuitives K\u00f6rpertheater<\/strong><\/p>\n<p>Anerkannt als Bildungsurlaub in NRW |<a href=\"http:\/\/www.bildungsurlaub.de\/seminare\/seminar_mit-leichtigkeit-und-kreativitaet-unterwegs-im-berufsleben-feldenkrais-stimmentwicklung-und-intuitives-koerpertheater_202-115476.html\" target=\"_blank\" rel=\"noopener noreferrer\">www.bildungsurlaub.de<\/a><\/p>\n<p>Montag &#8211; Freitag von 10.00 Uhr &#8211; 16.00 Uhr | <strong>05. &#8211; 09. Juli 2021<\/strong><\/p>\n<p>Melanchthon-Akademie | <a href=\"https:\/\/www.melanchthon-akademie.de\/programm\/bildungsurlaub-studienreisen\/kurs\/15745-mit-leichtigkeit-und-kreativitaet-unterwegs-im-berufsleben\/\" target=\"_blank\" rel=\"noopener noreferrer\">www.melanchthon-akademie.de<\/a><br \/>\nKart\u00e4userwall 24b \u00b7 50678 K\u00f6ln<\/p>\n<p>Mal etwas auf andere Art und Weise tun, sich darin sp\u00fcren, erkennen und staunen&#8230;In vielf\u00e4ltigen Bewegungen und spontanem K\u00f6rperKlangTheater mit allen Sinnen, erleben Sie Wachheit, Wandlung, Humor, Wohlklang und Vitalit\u00e4t. Lassen Sie sich inspirieren zu einem gesunden und entwicklungsfrohen Handeln im Arbeitsumfeld. <a href=\"https:\/\/www.melanchthon-akademie.de\/programm\/bildungsurlaub-studienreisen\/kurs\/15745-mit-leichtigkeit-und-kreativitaet-unterwegs-im-berufsleben\/\" target=\"_blank\" rel=\"noopener noreferrer\">Mehr Info und Anmeldung hier<\/a><\/p>\n<p>Maximal 12 TeilnehmerInnen! Matten und Decken sind vorhanden.<\/p>\n<p><a href=\"mailto:anmeldung@melanchthon-akademie.de\">anmeldung@melanchthon-akademie.de<\/a> | fon 0221.931803-0<\/p>\n<p><strong>Aktuell sind keine Bildungsurlaube geplant. M\u00f6glicherweise kann sich das f\u00fcr 2026\/ 2027 \u00e4ndern.<\/strong><\/p>\n<h3><\/h3>","protected":false},"excerpt":{"rendered":"<p>Chancen zu kreativer Weiterbildung wahrnehmen Der Bildungsurlaub &#8222;Nat\u00fcrliche Pr\u00e4senz mit Feldenkrais, Stimmentfaltung und K\u00f6rpertheater&#8220; ist eine Chance f\u00fcr Arbeitnehmer\/innen, eine anerkannte Weiterbildung w\u00e4hrend der Arbeitszeit zu besuchen. F\u00fcr 5 Tage im Jahr k\u00f6nnen Sie Beurlaubung zus\u00e4tzlich zum Jahresurlaub in Anspruch nehmen. Sprechen Sie hier\u00fcber auch mit Ihrem Arbeitgeber. Der Bildungsurlaub kann au\u00dferdem von Privatpersonen, FreiberuflerInnen [&hellip;]<\/p>\n","protected":false},"author":2,"featured_media":0,"parent":18,"menu_order":0,"comment_status":"closed","ping_status":"closed","template":"angebot.php","meta":{"footnotes":""},"class_list":["post-481","page","type-page","status-publish","hentry"],"wps_subtitle":"Feldenkrais &amp; Stimme | Bildungsurlaube","_links":{"self":[{"href":"https:\/\/www.gisela-weigand.de\/index.php\/wp-json\/wp\/v2\/pages\/481","targetHints":{"allow":["GET"]}}],"collection":[{"href":"https:\/\/www.gisela-weigand.de\/index.php\/wp-json\/wp\/v2\/pages"}],"about":[{"href":"https:\/\/www.gisela-weigand.de\/index.php\/wp-json\/wp\/v2\/types\/page"}],"author":[{"embeddable":true,"href":"https:\/\/www.gisela-weigand.de\/index.php\/wp-json\/wp\/v2\/users\/2"}],"replies":[{"embeddable":true,"href":"https:\/\/www.gisela-weigand.de\/index.php\/wp-json\/wp\/v2\/comments?post=481"}],"version-history":[{"count":189,"href":"https:\/\/www.gisela-weigand.de\/index.php\/wp-json\/wp\/v2\/pages\/481\/revisions"}],"predecessor-version":[{"id":9327,"href":"https:\/\/www.gisela-weigand.de\/index.php\/wp-json\/wp\/v2\/pages\/481\/revisions\/9327"}],"up":[{"embeddable":true,"href":"https:\/\/www.gisela-weigand.de\/index.php\/wp-json\/wp\/v2\/pages\/18"}],"wp:attachment":[{"href":"https:\/\/www.gisela-weigand.de\/index.php\/wp-json\/wp\/v2\/media?parent=481"}],"curies":[{"name":"wp","href":"https:\/\/api.w.org\/{rel}","templated":true}]}}

<h3>Chancen zu kreativer Weiterbildung wahrnehmen</h3>
<p><strong>Der Bildungsurlaub &#8222;Natürliche Präsenz mit Feldenkrais, Stimmentfaltung und Körpertheater&#8220; ist eine Chance für Arbeitnehmer/innen, eine anerkannte Weiterbildung während der Arbeitszeit zu besuchen. Für 5 Tage im Jahr können Sie Beurlaubung zusätzlich zum Jahresurlaub in Anspruch nehmen. Sprechen Sie hierüber auch mit Ihrem Arbeitgeber. Der Bildungsurlaub kann außerdem von Privatpersonen, FreiberuflerInnen und RentnerInnen besucht werden.</strong></p>
<h3><strong><img loading="lazy" decoding="async" width="420" height="190" class="alignnone size-full wp-image-3070" title="Bildungsurlaub mit Feldenkrais und Funktionaler Stimmbildung" src="https://www.gisela-weigand.de/wp-content/uploads/2011/09/sanitaeterchor1.jpg" alt="" srcset="https://www.gisela-weigand.de/wp-content/uploads/2011/09/sanitaeterchor1.jpg 420w, https://www.gisela-weigand.de/wp-content/uploads/2011/09/sanitaeterchor1-300x135.jpg 300w" sizes="auto, (max-width: 420px) 100vw, 420px" /></strong>U055KW. Natürliche Präsenz und gewinnende Stimme</h3>
<p><strong>Gesundes Handeln am Arbeitsplatz mit der Feldenkraismethode und funktionaler Stimmbildung</strong></p>
<p>Anerkannt als Bildungsurlaub in NRW | <a href="http://www.bildungsurlaub.de/seminare/seminar_natuerliche-praesenz-gewinnende-stimme-und-gesundes-handeln-am-arbeitsplatz-mit-feldenkrais-und-funktionaler-stimmbildung_202-115478.html" target="_blank" rel="noopener noreferrer">www.bildungsurlaub.de</a></p>
<p>Montag &#8211; Freitag von 10.00 Uhr &#8211; 16.00 Uhr | <strong>29. März &#8211; 01. April 2021</strong></p>
<p>Melanchthon-Akademie | <a href="https://www.melanchthon-akademie.de/programm/bildungsurlaub-studienreisen/kurs/15744-feldenkraisr-und-funktionale-stimmbildung/" target="_blank" rel="noopener noreferrer">www.melanchthon-akademie.de</a><br />
Kartäuserwall 24b · 50678 Köln</p>
<p>Mit sanften Bewegungen aus dem Feldenkrais® sowie Stimm- und Atemtechniken verfeinern Sie Ihre Selbstwahrnehmung und entwickeln Überzeugungskraft, Stimmklang und Körperwachheit in der Kommunikation. Gleichzeitig optimieren Sie Ihre Haltung, Stabilität und Beweglichkeit. <a href="https://www.melanchthon-akademie.de/programm/bildungsurlaub-studienreisen/kurs/15744-feldenkraisr-und-funktionale-stimmbildung" target="_blank" rel="noopener noreferrer">Mehr Info und Anmeldung hier</a></p>
<p>Maximal 12 TeilnehmerInnen! Matten und Decken sind vorhanden.</p>
<p><a href="mailto:anmeldung@melanchthon-akademie.de">anmeldung@melanchthon-akademie.de</a> | fon 0221.931803-0</p>
<h3>U056KW. Mit Leichtigkeit und Kreativität unterwegs im Beruf</h3>
<p><strong>Feldenkrais, Stimmentwicklung und intuitives Körpertheater</strong></p>
<p>Anerkannt als Bildungsurlaub in NRW |<a href="http://www.bildungsurlaub.de/seminare/seminar_mit-leichtigkeit-und-kreativitaet-unterwegs-im-berufsleben-feldenkrais-stimmentwicklung-und-intuitives-koerpertheater_202-115476.html" target="_blank" rel="noopener noreferrer">www.bildungsurlaub.de</a></p>
<p>Montag &#8211; Freitag von 10.00 Uhr &#8211; 16.00 Uhr | <strong>05. &#8211; 09. Juli 2021</strong></p>
<p>Melanchthon-Akademie | <a href="https://www.melanchthon-akademie.de/programm/bildungsurlaub-studienreisen/kurs/15745-mit-leichtigkeit-und-kreativitaet-unterwegs-im-berufsleben/" target="_blank" rel="noopener noreferrer">www.melanchthon-akademie.de</a><br />
Kartäuserwall 24b · 50678 Köln</p>
<p>Mal etwas auf andere Art und Weise tun, sich darin spüren, erkennen und staunen&#8230;In vielfältigen Bewegungen und spontanem KörperKlangTheater mit allen Sinnen, erleben Sie Wachheit, Wandlung, Humor, Wohlklang und Vitalität. Lassen Sie sich inspirieren zu einem gesunden und entwicklungsfrohen Handeln im Arbeitsumfeld. <a href="https://www.melanchthon-akademie.de/programm/bildungsurlaub-studienreisen/kurs/15745-mit-leichtigkeit-und-kreativitaet-unterwegs-im-berufsleben/" target="_blank" rel="noopener noreferrer">Mehr Info und Anmeldung hier</a></p>
<p>Maximal 12 TeilnehmerInnen! Matten und Decken sind vorhanden.</p>
<p><a href="mailto:anmeldung@melanchthon-akademie.de">anmeldung@melanchthon-akademie.de</a> | fon 0221.931803-0</p>
<p><strong>Aktuell sind keine Bildungsurlaube geplant. Möglicherweise kann sich das für 2026/ 2027 ändern.</strong></p>
<h3></h3>

<p>Chancen zu kreativer Weiterbildung wahrnehmen Der Bildungsurlaub &#8222;Natürliche Präsenz mit Feldenkrais, Stimmentfaltung und Körpertheater&#8220; ist eine Chance für Arbeitnehmer/innen, eine anerkannte Weiterbildung während der Arbeitszeit zu besuchen. Für 5 Tage im Jahr können Sie Beurlaubung zusätzlich zum Jahresurlaub in Anspruch nehmen. Sprechen Sie hierüber auch mit Ihrem Arbeitgeber. Der Bildungsurlaub kann außerdem von Privatpersonen, FreiberuflerInnen [&hellip;]</p>
