{"id":471,"date":"2011-09-21T16:26:16","date_gmt":"2011-09-21T14:26:16","guid":{"rendered":"http:\/\/wp10473852.wp223.webpack.hosteurope.de\/index.php\/"},"modified":"2026-02-22T20:16:46","modified_gmt":"2026-02-22T19:16:46","slug":"workshops","status":"publish","type":"page","link":"https:\/\/www.gisela-weigand.de\/index.php\/terminangebot\/workshops\/","title":{"rendered":"Workshops"},"content":{"rendered":"<p><strong>Die Workshops zu Feldenkrais, Stimmbildung, K\u00f6rpertheater, Musikerphysiologie und Pr\u00e4senz bieten Ihnen eine gute M\u00f6glichkeit die verschiedenen Arbeitsweisen und Ihre Auswirkungen kennenzulernen. Au\u00dferdem k\u00f6nnen Sie kompakt und intensiver oder auch spontan in ein bestimmtes Thema eintauchen.<br \/>\n<\/strong><\/p>\n<p><strong><a href=\"https:\/\/www.gisela-weigand.de\/index.php\/angebot\/workshops\/feldenkrais-stimme-koerpertheater-koeln\/\" target=\"_blank\" rel=\"noopener noreferrer\">aktuelle Workshoptermine in K\u00f6ln hier<\/a><br \/>\n<a href=\"https:\/\/www.gisela-weigand.de\/index.php\/angebot\/workshops\/feldenkrais-stimme-marburg\/\" target=\"_blank\" rel=\"noopener noreferrer\">aktuelle Workshoptermine in Marburg hier<\/a><br \/>\n<\/strong><\/p>\n<h3><strong><img loading=\"lazy\" decoding=\"async\" width=\"420\" height=\"190\" class=\"alignnone size-full wp-image-2568\" title=\"Themenbezogene Workshops mit Feldenkrais und Stimmentwicklung\" src=\"https:\/\/www.gisela-weigand.de\/wp-content\/uploads\/2011\/07\/3frauenhinterfenster.jpg\" alt=\"\" srcset=\"https:\/\/www.gisela-weigand.de\/wp-content\/uploads\/2011\/07\/3frauenhinterfenster.jpg 420w, https:\/\/www.gisela-weigand.de\/wp-content\/uploads\/2011\/07\/3frauenhinterfenster-300x135.jpg 300w\" sizes=\"auto, (max-width: 420px) 100vw, 420px\" \/><\/strong>Kontinuit\u00e4t in gr\u00f6\u00dferen Abst\u00e4nden<\/h3>\n<p>Sie eignen sich auch im Wechsel mit Einzelstunden f\u00fcr eine Kontinuit\u00e4t in gr\u00f6\u00dferen Abst\u00e4nden, zum Kennenlernen, und wenn Ihnen eine regelm\u00e4\u00dfige Kursteilnahme z.B. aus beruflichen Gr\u00fcnden nicht m\u00f6glich ist.<\/p>\n<h3>Zeit f\u00fcr komplexe Zusammenh\u00e4nge<\/h3>\n<p>Hier werden Hintergr\u00fcnde und komplexe Zusammenh\u00e4nge erfahrbar, und es gibt zeitlich viel Raum f\u00fcr individuelle R\u00fcckmeldungen und einen Dialog in der Gruppe.<\/p>\n<h3>Spezielle Themen, frei besuchbar<\/h3>\n<p>Grunds\u00e4tzlich biete ich dort spezielle und auch \u00fcbergreifende Themen an. Trotzdem ist jeder Workshop von Interessenten\/innen aus allen Richtungen frei besuchbar. Die Methoden sind so weitgreifend und offen in Ihren Anwendungen und Auswirkungen, dass man immer etwas f\u00fcr die jeweiligen pers\u00f6nlichen Fragestellungen mitnehmen kann. So ist z.B. ein Workshop f\u00fcr die F\u00fc\u00dfe auch hilfreich f\u00fcr Nacken, Stabilit\u00e4t, Stimm- und Instrumentalklang, Kiefer&#8230;, alles h\u00e4ngt miteinander zusammen.<\/p>\n<h3>Intrument, Auftrittswerk und Werkzeug mitbringen<\/h3>\n<p>F\u00fcr Musiker-, S\u00e4nger-, Schauspieler\/innen etc. gibt es in vielen Angeboten die M\u00f6glichkeit das eigene Instrument, Werk o.\u00e4. mitzubringen und die Auswirkungen direkt im Spiel, Pr\u00e4senz und Klang zu erproben. Das gilt f\u00fcr Profis wie f\u00fcr Laien. Das gleiche gilt f\u00fcr HandwerkerInnen, SportlerInnen und alle, die irgendwelche &#8222;Werkzeuge&#8220; nutzen beruflich oder als hobby.<\/p>\n<h3>Besondere W\u00fcnsche in Auftrag geben<\/h3>\n<p>Haben Sie spezielle inhaltliche, bzw. terminliche W\u00fcnsche oder Kombinationen mit beruflichen und privaten Themen? Oder Sie sind eine schon vorhandene Gruppe, f\u00fcr die Sie einen Termin oder eine Supervisions- und Entwicklungsm\u00f6glichkeit suchen? Dann geben Sie Ihre W\u00fcnsche gerne bei mir in Auftrag. Dieses geht auch <strong>spontan<\/strong> in Form von <strong>Kleingruppen<\/strong> oder <strong>Workshops &#8222;auf Bestellung&#8220;.<\/strong> Ihre Ideen und Bed\u00fcrfnisse sind mir wichtig!<\/p>","protected":false},"excerpt":{"rendered":"<p>Die Workshops zu Feldenkrais, Stimmbildung, K\u00f6rpertheater, Musikerphysiologie und Pr\u00e4senz bieten Ihnen eine gute M\u00f6glichkeit die verschiedenen Arbeitsweisen und Ihre Auswirkungen kennenzulernen. Au\u00dferdem k\u00f6nnen Sie kompakt und intensiver oder auch spontan in ein bestimmtes Thema eintauchen. aktuelle Workshoptermine in K\u00f6ln hier aktuelle Workshoptermine in Marburg hier Kontinuit\u00e4t in gr\u00f6\u00dferen Abst\u00e4nden Sie eignen sich auch im Wechsel [&hellip;]<\/p>\n","protected":false},"author":2,"featured_media":0,"parent":18,"menu_order":0,"comment_status":"closed","ping_status":"closed","template":"angebot.php","meta":{"footnotes":""},"class_list":["post-471","page","type-page","status-publish","hentry"],"wps_subtitle":"Feldenkrais &amp; Stimme - Gisela Weigand | K\u00f6ln &amp; Marburg - Workshops 2026","_links":{"self":[{"href":"https:\/\/www.gisela-weigand.de\/index.php\/wp-json\/wp\/v2\/pages\/471","targetHints":{"allow":["GET"]}}],"collection":[{"href":"https:\/\/www.gisela-weigand.de\/index.php\/wp-json\/wp\/v2\/pages"}],"about":[{"href":"https:\/\/www.gisela-weigand.de\/index.php\/wp-json\/wp\/v2\/types\/page"}],"author":[{"embeddable":true,"href":"https:\/\/www.gisela-weigand.de\/index.php\/wp-json\/wp\/v2\/users\/2"}],"replies":[{"embeddable":true,"href":"https:\/\/www.gisela-weigand.de\/index.php\/wp-json\/wp\/v2\/comments?post=471"}],"version-history":[{"count":60,"href":"https:\/\/www.gisela-weigand.de\/index.php\/wp-json\/wp\/v2\/pages\/471\/revisions"}],"predecessor-version":[{"id":9448,"href":"https:\/\/www.gisela-weigand.de\/index.php\/wp-json\/wp\/v2\/pages\/471\/revisions\/9448"}],"up":[{"embeddable":true,"href":"https:\/\/www.gisela-weigand.de\/index.php\/wp-json\/wp\/v2\/pages\/18"}],"wp:attachment":[{"href":"https:\/\/www.gisela-weigand.de\/index.php\/wp-json\/wp\/v2\/media?parent=471"}],"curies":[{"name":"wp","href":"https:\/\/api.w.org\/{rel}","templated":true}]}}