{"id":35,"date":"2010-07-04T17:45:07","date_gmt":"2010-07-04T15:45:07","guid":{"rendered":"http:\/\/www.gisela-weigand.de\/index.php\/"},"modified":"2018-07-13T17:35:09","modified_gmt":"2018-07-13T15:35:09","slug":"leistungsspektrum","status":"publish","type":"page","link":"https:\/\/www.gisela-weigand.de\/index.php\/leistungsspektrum\/","title":{"rendered":"Leistungsspektrum"},"content":{"rendered":"<p><strong>Mein Angebot<\/strong><strong> \u201eSelbstbestimmt leben und kreativ handeln\u201c<\/strong> <strong>richte ich gleicherma\u00dfen an Privatpersonen, wie auch an Firmen, \u00f6ffentliche oder private Hochschulen, Bildungs-, Kunst- und Gesundheitseinrichtungen, Orchester, Ch\u00f6re, Tanzh\u00e4user und Theater. Eingeladen sind Menschen aller Altersstufen, die sich in K\u00f6rper, Geist und Seele gesund erhalten und Ihr kreatives Potential erweitern wollen. <\/strong><\/p>\n<h3><strong><img loading=\"lazy\" decoding=\"async\" width=\"420\" height=\"190\" class=\"alignnone size-full wp-image-2531\" title=\"Farbenreiche Entwicklung mit Feldenkrais und sensor. Stimmp\u00e4dagogik\" src=\"https:\/\/www.gisela-weigand.de\/wp-content\/uploads\/2010\/07\/blumenwiese-natur.jpg\" alt=\"\" srcset=\"https:\/\/www.gisela-weigand.de\/wp-content\/uploads\/2010\/07\/blumenwiese-natur.jpg 420w, https:\/\/www.gisela-weigand.de\/wp-content\/uploads\/2010\/07\/blumenwiese-natur-300x135.jpg 300w\" sizes=\"auto, (max-width: 420px) 100vw, 420px\" \/><\/strong>DAS ANGEBOT IM \u00dcBERBLICK<\/h3>\n<ul>\n<li>F\u00f6rderung von Entwicklung, Eigenkompetenz und Selbstbehauptung\u00a0 bei Erwachsenen und Kindern<\/li>\n<li>lebensnahe Vermittlung und Integration von gehirngerechtem Lernen und organischer Bewegung<\/li>\n<li>k\u00f6rper- und systemorientierte psychologische Unterst\u00fctzung und kreative Wegfindung<\/li>\n<li>gesunde Selbstorganisation und individuelles Stressmanagement<\/li>\n<li>Verfeinerung von Wahrnehmung und Kommunikation in Gruppen- und Einzelprozessen<\/li>\n<\/ul>\n<h3>MEINE SPEZIALGEBIETE<\/h3>\n<ul>\n<li>Physiologie und Spontanit\u00e4t f\u00fcr MusikerInnen, T\u00e4nzerInnen, SchauspielerInnen, SportlerInnen&#8230;<\/li>\n<li>Optimierung von Stimme, Sprache, Gesang und Entwicklung einer authentischen Auftrittspr\u00e4senz<\/li>\n<li>Umgang mit der speziellen Veranlagung zu Hochsensibilit\u00e4t und Hochbegabung f\u00fcr Erwachsene und Kinder<\/li>\n<li>St\u00e4rkung der Selbstf\u00fcrsorge und Selbstregulation in den Bereichen Gesundheitsf\u00f6rderung und Heilentwicklung<\/li>\n<\/ul>\n<h3>ANSONSTEN<\/h3>\n<p>Sollten Sie sich hier pers\u00f6nlich oder mit Ihrer Einrichtung nicht wiederfinden, fragen Sie doch direkt bei mir an. Mit Intuition und Feinsinn entwickle ich f\u00fcr Sie spezielle Konzepte, angepasst an Ihren individuellen oder betrieblichen Bedarf. In all meinen Angeboten sind Menschen mit Handicap oder gesundheitlichen Einschr\u00e4nkungen willkommen.<\/p>\n<p>Klicken Sie zu Spezialthemen auf <a href=\"https:\/\/www.gisela-weigand.de\/index.php\/leistungsspektrum\/musikerphysiologie\/\" target=\"_blank\">Musikerphysiologie<\/a>, <a href=\"https:\/\/www.gisela-weigand.de\/index.php\/leistungsspektrum\/stimmeauftrittsprasenz\/\" target=\"_blank\">Stimme | Pr\u00e4senz<\/a>, <a href=\"https:\/\/www.gisela-weigand.de\/index.php\/leistungsspektrum\/hochsensible-begabte\/\" target=\"_blank\">Hochsensible |- begabte<\/a> und <a href=\"https:\/\/www.gisela-weigand.de\/index.php\/leistungsspektrum\/gesundheitsforderung-2\/\" target=\"_blank\">Gesundheitsf\u00f6rderung<\/a>.<\/p>\n<p><strong><a href=\"https:\/\/www.gisela-weigand.de\/index.php\/terminangebot\/\" target=\"_blank\">Weitere Informationen unter Terminangebot hier<\/a><\/strong><\/p>","protected":false},"excerpt":{"rendered":"<p>Mein Angebot \u201eSelbstbestimmt leben und kreativ handeln\u201c richte ich gleicherma\u00dfen an Privatpersonen, wie auch an Firmen, \u00f6ffentliche oder private Hochschulen, Bildungs-, Kunst- und Gesundheitseinrichtungen, Orchester, Ch\u00f6re, Tanzh\u00e4user und Theater. Eingeladen sind Menschen aller Altersstufen, die sich in K\u00f6rper, Geist und Seele gesund erhalten und Ihr kreatives Potential erweitern wollen. DAS ANGEBOT IM \u00dcBERBLICK F\u00f6rderung von [&hellip;]<\/p>\n","protected":false},"author":2,"featured_media":0,"parent":0,"menu_order":2,"comment_status":"closed","ping_status":"closed","template":"","meta":{"footnotes":""},"class_list":["post-35","page","type-page","status-publish","hentry"],"wps_subtitle":"Sind Sie wohlgemut?","_links":{"self":[{"href":"https:\/\/www.gisela-weigand.de\/index.php\/wp-json\/wp\/v2\/pages\/35","targetHints":{"allow":["GET"]}}],"collection":[{"href":"https:\/\/www.gisela-weigand.de\/index.php\/wp-json\/wp\/v2\/pages"}],"about":[{"href":"https:\/\/www.gisela-weigand.de\/index.php\/wp-json\/wp\/v2\/types\/page"}],"author":[{"embeddable":true,"href":"https:\/\/www.gisela-weigand.de\/index.php\/wp-json\/wp\/v2\/users\/2"}],"replies":[{"embeddable":true,"href":"https:\/\/www.gisela-weigand.de\/index.php\/wp-json\/wp\/v2\/comments?post=35"}],"version-history":[{"count":55,"href":"https:\/\/www.gisela-weigand.de\/index.php\/wp-json\/wp\/v2\/pages\/35\/revisions"}],"predecessor-version":[{"id":6693,"href":"https:\/\/www.gisela-weigand.de\/index.php\/wp-json\/wp\/v2\/pages\/35\/revisions\/6693"}],"wp:attachment":[{"href":"https:\/\/www.gisela-weigand.de\/index.php\/wp-json\/wp\/v2\/media?parent=35"}],"curies":[{"name":"wp","href":"https:\/\/api.w.org\/{rel}","templated":true}]}}