{"id":2197,"date":"2012-03-17T22:12:59","date_gmt":"2012-03-17T21:12:59","guid":{"rendered":"http:\/\/wp10473852.wp223.webpack.hosteurope.de\/index.php\/"},"modified":"2019-11-12T21:13:09","modified_gmt":"2019-11-12T20:13:09","slug":"moshe-feldenkrais","status":"publish","type":"page","link":"https:\/\/www.gisela-weigand.de\/index.php\/methoden\/feldenkrais-methode\/moshe-feldenkrais\/","title":{"rendered":"Moshe Feldenkrais"},"content":{"rendered":"<p><strong>\u201eSich selbst zu erkennen, scheint mir das Wichtigste, was ein Mensch f\u00fcr sich tun kann.\u201c (M. Feldenkrais)<\/strong><\/p>\n<p>Dr. Moshe Feldenkrais (1904-1984) wurde in Slawuta, in der N\u00e4he von Kiew, geboren und wanderte vierzehnj\u00e4hrig ohne Eltern in das Land seiner Vorfahren nach Pal\u00e4stina aus. Er war Physiker, Elektroingenieur und Judoexperte. In seinem bewegten Leben bilden kommunikative Wachheit, Beobachtungsgabe, Experimentierfreude, Forschungsdrang, Selbstverteidigung, Unabh\u00e4ngigkeit und Selbstbestimmung zentrale Inhalte und Notwendigkeiten. Nach einer Knieverletzung erlangte er seine Leistungsf\u00e4higkeit wieder, indem er die eigenen Bewegungs- und Handlungsweisen genau beobachtete und neu organisierte.<\/p>\n<h3><img loading=\"lazy\" decoding=\"async\" width=\"420\" height=\"190\" class=\"alignnone size-full wp-image-2613\" title=\"Fr\u00fchkindliche Entwicklungsphase im Feldenkrais-Unterricht\" src=\"https:\/\/www.gisela-weigand.de\/wp-content\/uploads\/2012\/03\/kriechtier.jpg\" alt=\"\" srcset=\"https:\/\/www.gisela-weigand.de\/wp-content\/uploads\/2012\/03\/kriechtier.jpg 420w, https:\/\/www.gisela-weigand.de\/wp-content\/uploads\/2012\/03\/kriechtier-300x135.jpg 300w\" sizes=\"auto, (max-width: 420px) 100vw, 420px\" \/>Nacherleben fr\u00fchkindlicher Entwicklungsphasen<\/h3>\n<p>Dabei orientierte er sich auch an der pr\u00e4verbalen spielerischen und sich selbst gen\u00fcgenden Lernart des Kleinkindes. Es probiert in einem unerm\u00fcdlichen Prozess verschiedenste Bewegungsvarianten, pausiert, macht Fehler, gleicht ab mit schon Gelerntem und seinem Wohlgef\u00fchl. Es entwickelt immer neue Strategien, bis es die beste Funktion und leichteste Handlungsweise gefunden hat. Es lernt durch seine Neugier, in eher sprunghaften Prozessen, unbewusst und durch Erfahrung.<\/p>\n<h3>Organisches Lernen lernen<\/h3>\n<p>In diesem Sinne erforschte Moshe Feldenkrais die Grundlagen des Lernens durch Erfahrung und die dadurch angelegten M\u00f6glichkeiten sich selbst zu helfen. Bewegung sieht er als erste Instanz f\u00fcr Vorhandensein von Leben und Sicherung von \u00dcberleben. Er w\u00e4hlte die Bewegung als ehrlichste, direktesteste M\u00f6glichkeit einer Wiederspiegelung von individueller Lebensgeschichte und Selbstorganisation im Hier und Jetzt.<\/p>\n<h3>Hohe Komplexit\u00e4t und Lebensn\u00e4he<\/h3>\n<p>Ausgangspunkte sind f\u00fcr ihn immer wieder die st\u00e4ndig wechselnden Situationen und Bedingungen im eigenen Leben und der ihn umgebenden Menschen. Er n\u00e4hert sich Ihnen praktisch und beobachtend, Fragen stellend und sich selbst hinterfragend, in Evolution und Ethik kundiger Sichtweise. H\u00e4ufig weitschweifig abstrahierend, nutzte er au\u00dferdem profunde Kenntnisse in Medizin, Neurophysiologie, Anatomie, Entwicklungspsychologie, Kybernetik, Synergetik und Mechanik.<\/p>\n<h3>Spiritualit\u00e4t und Nahkampf<\/h3>\n<p>Sein Interesse an \u00f6stlichen und westlichen spirituellen und psychologischen Techniken, die Arbeit mit verhaltensbesonderen Jugendlichen und die eigenen Erfahrungen im Nahkampf, bilden Strukturen und weitere Essenzen seiner vielschichtigen Methode. Entsprechend seiner wissenschaftlichen und lebensnahen Anlage wird sein Lebenswerk nie abgeschlossen sein, sondern sich durch alle Praktizierenden ewig weiter hinterfragen und erneuern.<\/p>\n<p>Moshe Feldenkrais giving a demonstration of\u00a0 &#8222;Funktional Integration&#8220;\u00a0 <a href=\"http:\/\/www.veoh.com\/watch\/v15811338hqwqGxg9?h1=Moshe+Feldenkrais+in+CERN\" target=\"_blank\" rel=\"noopener\">Video Moshe Feldenkrais in Cern<\/a><\/p>","protected":false},"excerpt":{"rendered":"<p>\u201eSich selbst zu erkennen, scheint mir das Wichtigste, was ein Mensch f\u00fcr sich tun kann.\u201c (M. Feldenkrais) Dr. Moshe Feldenkrais (1904-1984) wurde in Slawuta, in der N\u00e4he von Kiew, geboren und wanderte vierzehnj\u00e4hrig ohne Eltern in das Land seiner Vorfahren nach Pal\u00e4stina aus. Er war Physiker, Elektroingenieur und Judoexperte. In seinem bewegten Leben bilden kommunikative [&hellip;]<\/p>\n","protected":false},"author":2,"featured_media":0,"parent":33,"menu_order":0,"comment_status":"closed","ping_status":"closed","template":"","meta":{"footnotes":""},"class_list":["post-2197","page","type-page","status-publish","hentry"],"wps_subtitle":"Moshe Feldenkrais und organisches Lernen","_links":{"self":[{"href":"https:\/\/www.gisela-weigand.de\/index.php\/wp-json\/wp\/v2\/pages\/2197","targetHints":{"allow":["GET"]}}],"collection":[{"href":"https:\/\/www.gisela-weigand.de\/index.php\/wp-json\/wp\/v2\/pages"}],"about":[{"href":"https:\/\/www.gisela-weigand.de\/index.php\/wp-json\/wp\/v2\/types\/page"}],"author":[{"embeddable":true,"href":"https:\/\/www.gisela-weigand.de\/index.php\/wp-json\/wp\/v2\/users\/2"}],"replies":[{"embeddable":true,"href":"https:\/\/www.gisela-weigand.de\/index.php\/wp-json\/wp\/v2\/comments?post=2197"}],"version-history":[{"count":23,"href":"https:\/\/www.gisela-weigand.de\/index.php\/wp-json\/wp\/v2\/pages\/2197\/revisions"}],"predecessor-version":[{"id":6917,"href":"https:\/\/www.gisela-weigand.de\/index.php\/wp-json\/wp\/v2\/pages\/2197\/revisions\/6917"}],"up":[{"embeddable":true,"href":"https:\/\/www.gisela-weigand.de\/index.php\/wp-json\/wp\/v2\/pages\/33"}],"wp:attachment":[{"href":"https:\/\/www.gisela-weigand.de\/index.php\/wp-json\/wp\/v2\/media?parent=2197"}],"curies":[{"name":"wp","href":"https:\/\/api.w.org\/{rel}","templated":true}]}}