{"id":2187,"date":"2012-03-17T22:03:22","date_gmt":"2012-03-17T21:03:22","guid":{"rendered":"http:\/\/wp10473852.wp223.webpack.hosteurope.de\/index.php\/"},"modified":"2015-06-22T10:26:19","modified_gmt":"2015-06-22T08:26:19","slug":"anwendungsgebiete","status":"publish","type":"page","link":"https:\/\/www.gisela-weigand.de\/index.php\/methoden\/feldenkrais-methode\/anwendungsgebiete\/","title":{"rendered":"Anwendungsgebiete"},"content":{"rendered":"<p><strong>Die Anwendungsgebiete der Feldenkraismethode und Ihre Kombination  mit anderen Bereichen sind so vielseitig und unterschiedlich, dass ich  Ihnen hier nur eine kleine exemplarische Auswahl pr\u00e4sentieren kann. Bei  Fragen zu Ihrem pers\u00f6nlichen Themenwunsch, wenden Sie sich gerne direkt  an mich.<\/strong><\/p>\n<p><strong><img loading=\"lazy\" decoding=\"async\" width=\"420\" height=\"190\" class=\"alignnone size-full wp-image-2595\" title=\"Vielseitige Anwendungsgebiete der Feldenkrais-Methode\" src=\"https:\/\/www.gisela-weigand.de\/wp-content\/uploads\/2012\/03\/kopfstandjutta.jpg\" alt=\"\" srcset=\"https:\/\/www.gisela-weigand.de\/wp-content\/uploads\/2012\/03\/kopfstandjutta.jpg 420w, https:\/\/www.gisela-weigand.de\/wp-content\/uploads\/2012\/03\/kopfstandjutta-300x135.jpg 300w\" sizes=\"auto, (max-width: 420px) 100vw, 420px\" \/><br \/>\n<\/strong><\/p>\n<ul>\n<li>Entwicklung angemessener Handlungsweisen z.B. in muskulo-skeletalen, psycho-somatischen oder neurologischen Prozessen<\/li>\n<li>Selbstkompetenz im Umgang mit Stress und Ersch\u00f6pfung erwecken<\/li>\n<li>Erlernen von bewussten Sp\u00fcren und Selbstregulation in Schmerzprozessen<\/li>\n<li>Vorbeugung vor, bzw. Regenerierung von Fehl- und \u00dcberbelastungen<\/li>\n<li> Verfeinerung von anspruchsvollen Bewegungsabl\u00e4ufen und  Auftrittspr\u00e4senz f\u00fcr K\u00fcnstlerInnen, SportlerInnen, DesignerInnen,  HandwerkerInnen, Zahn\u00e4rztInnen und f\u00fcr T\u00e4tigkeiten aller Art<\/li>\n<li> Wiedererlernen von Bewegungsabl\u00e4ufen und Integration von  thraumatisierten K\u00f6rperbereichen nach Unf\u00e4llen, Operationen,  Hirnverletzungen oder Schlaganfall<\/li>\n<li> Entdecken lebensf\u00f6rdernder neuer Handlungsweisen z.B. bei Krebs, Multipler Sklerose und Parkinson<\/li>\n<li> St\u00e4rkung des Potentials bei Entwicklungsbesonderheiten von Kindern  und Erwachsenen, z.B. Hochbegabungen, Hochsensiblen, motorische oder sonstige sehr langsame  Entwicklungen, \u00dcberaktivit\u00e4t, Aggressivit\u00e4t, Lese- und Schreibdurcheinander,  Sprechbaustellen, Verbesserung von Aufmerksamkeit und Konzentration<\/li>\n<li> Mobilit\u00e4t im Alter, Sturzprophylaxe, Hilfe f\u00fcr Orientierung und Selbstgesp\u00fcr bei Demenz<\/li>\n<li>Balance f\u00fcr eine sp\u00fcrende und gelassene Schwangerschaft, Flexibilit\u00e4t f\u00fcr Ver\u00e4nderungen und nach der Geburt f\u00fcr den Kr\u00e4ftehaushalt und die Integration \u00fcberdehnter Bereiche<\/li>\n<li> Finden von individuellen L\u00f6sungen, sowohl im privaten Leben, als auch an Arbeitspl\u00e4tzen und in der Teamarbeit<\/li>\n<\/ul>\n<h3>Literatur Zur Feldenkrais-Methode<\/h3>\n<p>Hier finden Sie erste Einf\u00fchrungen und Anregungen zur Feldenkrais-Methode. Sinngebender ist es aber, sie \u00fcber einen l\u00e4ngeren Zeitraum selbst zu erleben!<\/p>\n<p>Anna Triebel Thome | Feldenkrais: Bewegung &#8211; Ein Weg zum Selbst<br \/>\nEinf\u00fchrung in die Feldenkrais-Methode<br \/>\nJunfermann Verlag \u00b7 Paderborn 2002<\/p>\n<p>Thomas Hanna | Das Geheimnis gesunder Bewegung<br \/>\nDie Feldenkrais-Methode verstehen lernen \u00b7 Wesen &amp; Wirkung Funktionaler Integration<br \/>\nJunfermann Verlag \u00b7 Paderborn 2003<\/p>\n<p>Moshe Feldenkrais | Die Entdeckung des Selbstverst\u00e4ndlichen<br \/>\nSuhrkamp Verlag \u00b7 Frankfurt 1987<\/p>","protected":false},"excerpt":{"rendered":"<p>Die Anwendungsgebiete der Feldenkraismethode und Ihre Kombination mit anderen Bereichen sind so vielseitig und unterschiedlich, dass ich Ihnen hier nur eine kleine exemplarische Auswahl pr\u00e4sentieren kann. Bei Fragen zu Ihrem pers\u00f6nlichen Themenwunsch, wenden Sie sich gerne direkt an mich. Entwicklung angemessener Handlungsweisen z.B. in muskulo-skeletalen, psycho-somatischen oder neurologischen Prozessen Selbstkompetenz im Umgang mit Stress und [&hellip;]<\/p>\n","protected":false},"author":2,"featured_media":0,"parent":33,"menu_order":0,"comment_status":"open","ping_status":"closed","template":"","meta":{"footnotes":""},"class_list":["post-2187","page","type-page","status-publish","hentry"],"wps_subtitle":"Anwendungsgebiete & Literatur","_links":{"self":[{"href":"https:\/\/www.gisela-weigand.de\/index.php\/wp-json\/wp\/v2\/pages\/2187","targetHints":{"allow":["GET"]}}],"collection":[{"href":"https:\/\/www.gisela-weigand.de\/index.php\/wp-json\/wp\/v2\/pages"}],"about":[{"href":"https:\/\/www.gisela-weigand.de\/index.php\/wp-json\/wp\/v2\/types\/page"}],"author":[{"embeddable":true,"href":"https:\/\/www.gisela-weigand.de\/index.php\/wp-json\/wp\/v2\/users\/2"}],"replies":[{"embeddable":true,"href":"https:\/\/www.gisela-weigand.de\/index.php\/wp-json\/wp\/v2\/comments?post=2187"}],"version-history":[{"count":35,"href":"https:\/\/www.gisela-weigand.de\/index.php\/wp-json\/wp\/v2\/pages\/2187\/revisions"}],"predecessor-version":[{"id":2191,"href":"https:\/\/www.gisela-weigand.de\/index.php\/wp-json\/wp\/v2\/pages\/2187\/revisions\/2191"}],"up":[{"embeddable":true,"href":"https:\/\/www.gisela-weigand.de\/index.php\/wp-json\/wp\/v2\/pages\/33"}],"wp:attachment":[{"href":"https:\/\/www.gisela-weigand.de\/index.php\/wp-json\/wp\/v2\/media?parent=2187"}],"curies":[{"name":"wp","href":"https:\/\/api.w.org\/{rel}","templated":true}]}}