{"id":185,"date":"2011-06-21T14:10:27","date_gmt":"2011-06-21T12:10:27","guid":{"rendered":"http:\/\/wp10473852.wp223.webpack.hosteurope.de\/index.php\/"},"modified":"2017-10-22T14:45:52","modified_gmt":"2017-10-22T12:45:52","slug":"hochsensible-begabte","status":"publish","type":"page","link":"https:\/\/www.gisela-weigand.de\/index.php\/leistungsspektrum\/hochsensible-begabte\/","title":{"rendered":"Hochsensible | -begabte"},"content":{"rendered":"<p><strong>&#8222;Hochbegabung bedeutet <\/strong><strong>mehr von allem: mehr denken, mehr f\u00fchlen, mehr wahrnehmen.&#8220; (Andrea Brackmann, 2005)<\/strong><\/p>\n<h3><img decoding=\"async\" title=\"F\u00f6rderung hochsensibler und hochbegabter Menschen\" src=\"https:\/\/www.gisela-weigand.de\/wp-content\/uploads\/2011\/06\/teaserbaby.png\" alt=\"\" \/>Zwischen Selbstzweifeln und Himmelhochjauchzend<\/h3>\n<p>Kennen Sie das Gef\u00fchl, sich in Situationen gleichzeitig \u00fcber- und unterfordert zu f\u00fchlen oder sich im Gespr\u00e4ch gerade mal zu beleben, wenn beim Gegen\u00fcber schon Ersch\u00f6pfung eintritt? In menschlichen Grenzsituationen laufen Sie zur H\u00f6chstform auf, w\u00e4hrend die kleinsten Alltagsroutinen oder Ger\u00e4usche Sie schon frustrieren und l\u00e4hmen? Widerspr\u00fcchlichkeiten dieser Art k\u00f6nnen Ausdruck verschiedenster Formen von Hochbegabung oder Hochsensibilit\u00e4t sein, die nicht selten einhergehen mit einem facettenreichen inneren Erleben.<\/p>\n<h3>Hoher Selbstanspruch und ungenutze Energien<\/h3>\n<p>Menschen dieser Spezies leiden h\u00e4ufig unter starken Selbstzweifeln, nicht zuletzt durch ihren hohen Selbstanspruch, mit dem sie sich st\u00e4ndig kritisch be\u00e4ugen. Dabei sind sich viele ihrer Veranlagung und der damit verbundenen Bed\u00fcrfnisse nicht bewusst. Statt dessen berichten sie von einer latent vorhandenen Unruhe, da sie st\u00e4ndig einen \u00dcberschuss an nicht genutzten Energien mit sich herumtragen. Gleichzeitig bringt ihre schnelle und tiefe Wahrnehmung eine Herabsetzung des systemeigenen Schutzfilters mit sich. Das macht sie empfindlich gegen\u00fcber \u00e4u\u00dferen Einfl\u00fcssen. Bei vielen zeigt sich ein Zusammenhang zwischen hoher Begabung und hoher Sensibilit\u00e4t.<\/p>\n<h3>Grenzgang und unverbl\u00fcmte Direktheit<\/h3>\n<p>Dabei leben viele weit unter ihren M\u00f6glichkeiten und f\u00fchlen sich einfach nur anders. Sie haben exotische Themen, gr\u00fcbeln mehr, hinterfragen viel, denken schnell und komplex, fordern sich h\u00e4ufig bis \u00fcber die Grenzen und \u00e4u\u00dfern sich ungew\u00f6hnlich sprachgewandt. In vielerlei Zusammenh\u00e4ngen kommen sie so direkt auf den Punkt, dass sie mitunter von Menschen abgelehnt werden. An anderen Stellen sind sie wiederum sehr langsam, aufgrund tiefer Verarbeitungsintensit\u00e4t und vielseitiger Denkwege. Dies gilt gleicherma\u00dfen f\u00fcr Erwachsene und Kinder.<\/p>\n<h3>Einfach anders sucht den rechten Platz auf Erden<\/h3>\n<p>In ihrer Andersartigkeit, oft zwischen Mehrfachbegabungen unentschieden pendelnd, finden sie h\u00e4ufig nicht den rechten Platz im Leben. Sie ziehen sich zur\u00fcck oder irren umher, neigen zu Extremen und probieren vielerlei aus. Nicht selten sind sie hochkar\u00e4tige ExpertInnen und doch irgendwie immer mit dem Gef\u00fchl behaftet, dass bei ihnen etwas nicht stimmt. Andere werden in ihren Veranlagungen nicht erkannt und als pathologische F\u00e4lle wegsortiert. Zu finden sind sie \u00fcberall, manche erfolgreich in ihrer Berufung, andere leben am Existenzminimum oder sitzen &#8222;ganz normal&#8220; im B\u00fcro.<\/p>\n<h3>Hilfe zur Selbsthilfe jenseits der Norm<\/h3>\n<p>Oben beschriebene Unwegsamkeiten sind mir gut bekannt. Auf recht kurvigem Wege habe ich Selbstkennung und Selbstr\u00fcstzeug erworben, die mich heute mir entsprechender leben lassen. Dies verdanke ich auch meinem Feldenkrais u. Lichtenberg-Echo und dem Treffen auf Andrea Brackmann, einer Spezialistin f\u00fcr Hochbegabte und Hochsensible. Basierend auf diesem Erfahrungswissen motiviere ich Sie Ihre Begabungen und Sensibilit\u00e4ten spielerisch zu empfangen. Die individuellen Bed\u00fcrfnisse erobern sich dabei immer klarer ihren Raum, Sie kommen mit ihrem hochempfindsamen und tiefgr\u00fcndigen Material besser in Balance und k\u00f6nnen so Ihr Leben zu neuer Sinnhaftigkeit verwandeln.<\/p>\n<p>Lesen Sie mehr zum Coaching f\u00fcr Hochbegabte und Hochsensible unter <a href=\"https:\/\/www.gisela-weigand.de\/index.php\/leistungsspektrum\/hochsensible-begabte\/das-chaos-strukturieren\/\" target=\"_blank\">Chaos strukturieren<\/a><\/p>\n<p><strong>Coachingtermine in K\u00f6ln und Marburg nach Vereinbarung!<\/strong><\/p>\n<p>&nbsp;<\/p>","protected":false},"excerpt":{"rendered":"<p>&#8222;Hochbegabung bedeutet mehr von allem: mehr denken, mehr f\u00fchlen, mehr wahrnehmen.&#8220; (Andrea Brackmann, 2005) Zwischen Selbstzweifeln und Himmelhochjauchzend Kennen Sie das Gef\u00fchl, sich in Situationen gleichzeitig \u00fcber- und unterfordert zu f\u00fchlen oder sich im Gespr\u00e4ch gerade mal zu beleben, wenn beim Gegen\u00fcber schon Ersch\u00f6pfung eintritt? In menschlichen Grenzsituationen laufen Sie zur H\u00f6chstform auf, w\u00e4hrend die [&hellip;]<\/p>\n","protected":false},"author":2,"featured_media":0,"parent":35,"menu_order":5,"comment_status":"closed","ping_status":"closed","template":"","meta":{"footnotes":""},"class_list":["post-185","page","type-page","status-publish","hentry"],"wps_subtitle":"Coaching f\u00fcr Hochsensible und Hochbegabte","_links":{"self":[{"href":"https:\/\/www.gisela-weigand.de\/index.php\/wp-json\/wp\/v2\/pages\/185","targetHints":{"allow":["GET"]}}],"collection":[{"href":"https:\/\/www.gisela-weigand.de\/index.php\/wp-json\/wp\/v2\/pages"}],"about":[{"href":"https:\/\/www.gisela-weigand.de\/index.php\/wp-json\/wp\/v2\/types\/page"}],"author":[{"embeddable":true,"href":"https:\/\/www.gisela-weigand.de\/index.php\/wp-json\/wp\/v2\/users\/2"}],"replies":[{"embeddable":true,"href":"https:\/\/www.gisela-weigand.de\/index.php\/wp-json\/wp\/v2\/comments?post=185"}],"version-history":[{"count":71,"href":"https:\/\/www.gisela-weigand.de\/index.php\/wp-json\/wp\/v2\/pages\/185\/revisions"}],"predecessor-version":[{"id":6395,"href":"https:\/\/www.gisela-weigand.de\/index.php\/wp-json\/wp\/v2\/pages\/185\/revisions\/6395"}],"up":[{"embeddable":true,"href":"https:\/\/www.gisela-weigand.de\/index.php\/wp-json\/wp\/v2\/pages\/35"}],"wp:attachment":[{"href":"https:\/\/www.gisela-weigand.de\/index.php\/wp-json\/wp\/v2\/media?parent=185"}],"curies":[{"name":"wp","href":"https:\/\/api.w.org\/{rel}","templated":true}]}}