{"id":16,"date":"2010-07-04T15:22:02","date_gmt":"2010-07-04T13:22:02","guid":{"rendered":"http:\/\/www.gisela-weigand.de\/index.php\/"},"modified":"2026-02-22T18:54:48","modified_gmt":"2026-02-22T17:54:48","slug":"referenzen","status":"publish","type":"page","link":"https:\/\/www.gisela-weigand.de\/index.php\/referenzen\/","title":{"rendered":"Referenzen"},"content":{"rendered":"<p><strong>Hier finden Sie eine Auswahl von Kooperationen und Heimaten f\u00fcr mein Wirken als Referentin, Dozentin und Wegbegleiterin.<\/strong><\/p>\n<h3><img decoding=\"async\" title=\"Spuren von Gisela Weigand\" src=\"https:\/\/www.gisela-weigand.de\/wp-content\/uploads\/2010\/07\/zehensockenfi1.jpg\" alt=\"\" \/>Aktuelle Wirkst\u00e4tten<\/h3>\n<p>Studio f\u00fcr Feldenkrais &amp; Stimme | <a href=\"https:\/\/www.gisela-weigand.de\" target=\"_blank\" rel=\"noopener noreferrer\">www.gisela-weigand.de<\/a><\/p>\n<p>Erfurter Str. 2 \u00b7 35039 Marburg<br \/>\nD\u00fcsseldorfer Str. 81 \u00b7 51063 K\u00f6ln<\/p>\n<h3>Regelm\u00e4\u00dfige T\u00e4tigkeit f\u00fcr Firmen, Unternehmen<\/h3>\n<p style=\"text-align: left;\">Bauen mit der Natur und Leidenschaft | <a href=\"http:\/\/www.holzart-lohmar.de\">www.holzart-lohmar.de<\/a><br \/>\nIngersauel 9 \u00b7 53797 Lohmar<\/p>\n<p>Objektpr\u00e4sentation und Ausstellungsgestaltung | <a href=\"https:\/\/www.ingrid-bussenius.de\/\" target=\"_blank\" rel=\"noopener noreferrer\">www.ingrid-bussenius.de<\/a><br \/>\nAlteburger Str. 39 \u00b7 50678 K\u00f6ln<\/p>\n<p>gestalt + klang | <a href=\"https:\/\/frankoehlmann.de\/\" target=\"_blank\" rel=\"noopener noreferrer\">www.frankoehlmann.de<\/a><br \/>\nEhrenfeldg\u00fcrtel 171 \u00b7 50823 K\u00f6ln<\/p>\n<p>Comedyinstitut | <a href=\"https:\/\/www.comedyinstitut.de\/\" target=\"_blank\" rel=\"noopener noreferrer\">www.comedyinstitut.de<\/a><br \/>\nKleine Spitzengasse 2-4 \u00b7 50676 K\u00f6ln<\/p>\n<p>Schauspiel und Psychodrama | <a href=\"http:\/\/www.spielraum-barbara-butscher.de\/home.htm\" target=\"_blank\" rel=\"noopener noreferrer\">www.spielraum-barbara-butscher.de<\/a><br \/>\nF\u00f6rsterstr. 21 \u00b7 50823 K\u00f6ln<\/p>\n<p>isidoesit mediendesign | <a href=\"http:\/\/www.isidoesit.de\" target=\"_blank\" rel=\"noopener noreferrer\">www.isidoesit.de<\/a><br \/>\nNordstra\u00dfe 78 \u00b7 50733 K\u00f6ln<\/p>\n<p>Food Import-Export e.K. | <a href=\"https:\/\/www.nazzal-food.de\/\" target=\"_blank\" rel=\"noopener noreferrer\">www.nazzal-food.de<\/a><br \/>\nLeisenbergweg 9 \u00b7 53797 Lohmar<\/p>\n<p>Lebensart | <a href=\"https:\/\/lebens-art-koeln.de\/\" target=\"_blank\" rel=\"noopener noreferrer\">www.lebens-art-koeln.de<\/a><br \/>\nNesselrodestr. 11 \u00b7 50735 Koeln<\/p>\n<h3>Sonstige Kooperationen und Dozentinnent\u00e4tigkeit<\/h3>\n<p>Melanchthon-Akademie | <a href=\"http:\/\/www.melanchthon-akademie.de\" target=\"_blank\" rel=\"noopener noreferrer\">www.melanchthon-akademie.de<\/a><br \/>\nKart\u00e4userwall 24b \u00b7 50678 K\u00f6ln<\/p>\n<p>Berufskolleg Kaufm\u00e4nnische Schulen Kreis D\u00fcren| <a href=\"https:\/\/www.bksd.de\/\" target=\"_blank\" rel=\"noopener noreferrer\">www.bksd.de<\/a><br \/>\nEuskirchener Str. 124 &#8211; 126 \u00b7 52351 D\u00fcren<\/p>\n<p>SRH Fachhochschule f\u00fcr Gesundheit Gera GmbH,<br \/>\nCampus Bonn | <a href=\"http:\/\/www.gesundheitshochschule.de\" target=\"_blank\" rel=\"noopener noreferrer\">www.gesundheitshochschule.de<\/a><br \/>\nFachschule f\u00fcr Logop\u00e4die | Durchf\u00fchrung von Praktika<br \/>\nGerhard von Are Str. 8 \u00b7 53111 Bonn<\/p>\n<p>Stiftung Internationale Musikschulakademie | <a href=\"http:\/\/fit-mit-musik.de\/home.1.0.html\" target=\"_blank\" rel=\"noopener noreferrer\">www.fit-mit-musik.de<\/a><br \/>\nZentrum f\u00fcr Musik, Gesundheit und Pr\u00e4vention<br \/>\nSchloss Kapfenburg \u00b7 73466 Lauchheim<\/p>\n<p>Hochschule f\u00fcr Musik und Tanz K\u00f6ln | <a href=\"http:\/\/poi.hfmt-koeln.de\/\" target=\"_blank\" rel=\"noopener noreferrer\">www.hfmt-koeln.de<\/a><br \/>\nPeter-Ostwald-Institut f\u00fcr Musikergesundheit K\u00f6ln<br \/>\nUnter Krahnenb\u00e4umen 87 \u00b7 50668 K\u00f6ln \u00b7 und<\/p>\n<p>Dt. Gesellschaft f\u00fcr Musikermedizin | <a href=\"http:\/\/dgfmm.org\" target=\"_blank\" rel=\"noopener noreferrer\">www.dgfmm.org<br \/>\n<\/a> Tagung f\u00fcr gesundes musisches Lernen | 29.- 30. November 2013<\/p>\n<p>Bildungsinstitut f\u00fcr Gesundheit | <a href=\"http:\/\/www.vph-bensberg.de\" target=\"_blank\" rel=\"noopener noreferrer\">www.vph-bensberg.de<\/a><br \/>\nam Vinzenz Pallotti Hospital Bensberg<br \/>\nVinzenz-Pallotti-Stra\u00dfe 20-24 \u00b7 51429 Bergisch Gladbach<\/p>\n<p>Feldenkraisverband Deutschland e.V. | <a href=\"http:\/\/www.feldenkrais.de\" target=\"_blank\" rel=\"noopener noreferrer\">www.feldenkrais.de<\/a><br \/>\nJ\u00e4gerwirtstra\u00dfe 3 \u00b7 81373 M\u00fcnchen<\/p>\n<p><span style=\"color: white; font-size: x-small;\"><span style=\"font-family: Verdana;\">B<\/span><\/span><\/p>","protected":false},"excerpt":{"rendered":"<p>Hier finden Sie eine Auswahl von Kooperationen und Heimaten f\u00fcr mein Wirken als Referentin, Dozentin und Wegbegleiterin. Aktuelle Wirkst\u00e4tten Studio f\u00fcr Feldenkrais &amp; Stimme | www.gisela-weigand.de Erfurter Str. 2 \u00b7 35039 Marburg D\u00fcsseldorfer Str. 81 \u00b7 51063 K\u00f6ln Regelm\u00e4\u00dfige T\u00e4tigkeit f\u00fcr Firmen, Unternehmen Bauen mit der Natur und Leidenschaft | www.holzart-lohmar.de Ingersauel 9 \u00b7 53797 [&hellip;]<\/p>\n","protected":false},"author":2,"featured_media":0,"parent":0,"menu_order":5,"comment_status":"closed","ping_status":"closed","template":"","meta":{"footnotes":""},"class_list":["post-16","page","type-page","status-publish","hentry"],"wps_subtitle":"Meine Spuren und Aktivit\u00e4ten","_links":{"self":[{"href":"https:\/\/www.gisela-weigand.de\/index.php\/wp-json\/wp\/v2\/pages\/16","targetHints":{"allow":["GET"]}}],"collection":[{"href":"https:\/\/www.gisela-weigand.de\/index.php\/wp-json\/wp\/v2\/pages"}],"about":[{"href":"https:\/\/www.gisela-weigand.de\/index.php\/wp-json\/wp\/v2\/types\/page"}],"author":[{"embeddable":true,"href":"https:\/\/www.gisela-weigand.de\/index.php\/wp-json\/wp\/v2\/users\/2"}],"replies":[{"embeddable":true,"href":"https:\/\/www.gisela-weigand.de\/index.php\/wp-json\/wp\/v2\/comments?post=16"}],"version-history":[{"count":212,"href":"https:\/\/www.gisela-weigand.de\/index.php\/wp-json\/wp\/v2\/pages\/16\/revisions"}],"predecessor-version":[{"id":9445,"href":"https:\/\/www.gisela-weigand.de\/index.php\/wp-json\/wp\/v2\/pages\/16\/revisions\/9445"}],"wp:attachment":[{"href":"https:\/\/www.gisela-weigand.de\/index.php\/wp-json\/wp\/v2\/media?parent=16"}],"curies":[{"name":"wp","href":"https:\/\/api.w.org\/{rel}","templated":true}]}}