{"id":1345,"date":"2012-02-20T20:46:27","date_gmt":"2012-02-20T19:46:27","guid":{"rendered":"http:\/\/wp10473852.wp223.webpack.hosteurope.de\/index.php\/"},"modified":"2026-02-17T18:51:37","modified_gmt":"2026-02-17T17:51:37","slug":"befreundete-angebote","status":"publish","type":"page","link":"https:\/\/www.gisela-weigand.de\/index.php\/zur-person\/befreundete-angebote\/","title":{"rendered":"Verborgene Sch\u00e4tze"},"content":{"rendered":"<p><strong>Hier finden Sie nachhaltige, liebenswerte, menschennahe, fortschrittliche, kreative, wissenschaftliche und andere hochsensible Angebote, manche befreundete Links und Seelenverwandte.<\/strong><\/p>\n<p><strong><img loading=\"lazy\" decoding=\"async\" class=\"alignnone size-full wp-image-3458\" title=\"Ein Wahnsinn(s) Gl\u00fcck\" src=\"https:\/\/www.gisela-weigand.de\/wp-content\/uploads\/2012\/02\/verborgeneschaetze.jpg\" alt=\"\" width=\"420\" height=\"190\" srcset=\"https:\/\/www.gisela-weigand.de\/wp-content\/uploads\/2012\/02\/verborgeneschaetze.jpg 420w, https:\/\/www.gisela-weigand.de\/wp-content\/uploads\/2012\/02\/verborgeneschaetze-300x135.jpg 300w\" sizes=\"auto, (max-width: 420px) 100vw, 420px\" \/><\/strong> Comedyinstitut | Feinsinn &amp; Humor, die W\u00fcrze des Lebens<br \/>\n<a href=\"https:\/\/www.comedyinstitut.de\/\" target=\"_blank\" rel=\"noopener noreferrer\">www.comedyinstitut.de<\/a><\/p>\n<p>Schauspiel und Psychodrama | Langsamkeit\u00a0\u00b7 Gedankentiefe \u00b7 Spielk\u00f6rper<br \/>\n<a href=\"http:\/\/www.spielraum-barbara-butscher.de\/home.htm\" target=\"_blank\" rel=\"noopener noreferrer\">www.spielraum-barbara-butscher.de<\/a><\/p>\n<p>Anja Reuther | Charmanter Hinterhofsalon der K\u00fcnste und Wohlgef\u00fchle<br \/>\n<a href=\"http:\/\/www.hinterhofsalon.de\" target=\"_blank\" rel=\"noopener noreferrer\">www.hinterhofsalon.de<\/a><\/p>\n<p>Sylvie Ebelt | Dramaturgie \u00b7 H\u00f6rspiel \u00b7 ungew\u00f6hnliches Textwerk<br \/>\n<a href=\"http:\/\/www.consoltheater.de\" target=\"_blank\" rel=\"noopener noreferrer\">www.consoltheater.de<\/a><\/p>\n<p>Lichtenberger Institut | Ber\u00fchrendes f\u00fcr Gesang \u00b7 Sprache \u00b7 Instrument<br \/>\n<a href=\"http:\/\/www.lichtenberger-institut.de\" target=\"_blank\" rel=\"noopener noreferrer\">www.lichtenberger-institut.de<\/a><\/p>\n<p>Katherina Schniering | Wasserladen K\u00f6ln \u00b7 unentbehrlich<br \/>\n<a href=\"http:\/\/www.wasserladenkoeln.de\" target=\"_blank\" rel=\"noopener noreferrer\">www.wasserladenkoeln.de<\/a><\/p>\n<p>Ingrid Bussenius | Objektpr\u00e4sentation \u00b7 Ausstellungsgestaltung<br \/>\n<a href=\"http:\/\/www.ingrid-bussenius.de\">www.ingrid-bussenius.de<\/a><\/p>","protected":false},"excerpt":{"rendered":"<p>Hier finden Sie nachhaltige, liebenswerte, menschennahe, fortschrittliche, kreative, wissenschaftliche und andere hochsensible Angebote, manche befreundete Links und Seelenverwandte. Comedyinstitut | Feinsinn &amp; Humor, die W\u00fcrze des Lebens www.comedyinstitut.de Schauspiel und Psychodrama | Langsamkeit\u00a0\u00b7 Gedankentiefe \u00b7 Spielk\u00f6rper www.spielraum-barbara-butscher.de Anja Reuther | Charmanter Hinterhofsalon der K\u00fcnste und Wohlgef\u00fchle www.hinterhofsalon.de Sylvie Ebelt | Dramaturgie \u00b7 H\u00f6rspiel \u00b7 ungew\u00f6hnliches [&hellip;]<\/p>\n","protected":false},"author":2,"featured_media":0,"parent":14,"menu_order":0,"comment_status":"closed","ping_status":"closed","template":"","meta":{"footnotes":""},"class_list":["post-1345","page","type-page","status-publish","hentry"],"wps_subtitle":"Seelenverwandte und Staunenswertes","_links":{"self":[{"href":"https:\/\/www.gisela-weigand.de\/index.php\/wp-json\/wp\/v2\/pages\/1345","targetHints":{"allow":["GET"]}}],"collection":[{"href":"https:\/\/www.gisela-weigand.de\/index.php\/wp-json\/wp\/v2\/pages"}],"about":[{"href":"https:\/\/www.gisela-weigand.de\/index.php\/wp-json\/wp\/v2\/types\/page"}],"author":[{"embeddable":true,"href":"https:\/\/www.gisela-weigand.de\/index.php\/wp-json\/wp\/v2\/users\/2"}],"replies":[{"embeddable":true,"href":"https:\/\/www.gisela-weigand.de\/index.php\/wp-json\/wp\/v2\/comments?post=1345"}],"version-history":[{"count":115,"href":"https:\/\/www.gisela-weigand.de\/index.php\/wp-json\/wp\/v2\/pages\/1345\/revisions"}],"predecessor-version":[{"id":9427,"href":"https:\/\/www.gisela-weigand.de\/index.php\/wp-json\/wp\/v2\/pages\/1345\/revisions\/9427"}],"up":[{"embeddable":true,"href":"https:\/\/www.gisela-weigand.de\/index.php\/wp-json\/wp\/v2\/pages\/14"}],"wp:attachment":[{"href":"https:\/\/www.gisela-weigand.de\/index.php\/wp-json\/wp\/v2\/media?parent=1345"}],"curies":[{"name":"wp","href":"https:\/\/api.w.org\/{rel}","templated":true}]}}